 factor of 381230 and 2986190.
670
Calculate the highest common divisor of 3036629 and 433.
433
Calculate the highest common divisor of 8508 and 3148.
4
What is the highest common divisor of 4832 and 41567280?
2416
Calculate the greatest common divisor of 7744 and 1428416.
704
Calculate the highest common factor of 125087 and 424714.
2909
What is the highest common factor of 12025 and 3448955?
185
Calculate the highest common factor of 54 and 2722831560.
18
What is the highest common divisor of 7207884 and 39813?
1731
Calculate the greatest common divisor of 9624 and 200268.
12
What is the highest common divisor of 294 and 443927946?
294
Calculate the greatest common factor of 1859442 and 2046.
186
What is the greatest common divisor of 154208 and 5786592?
2528
What is the greatest common factor of 500771 and 665807?
809
What is the highest common factor of 199157150 and 3940?
1970
Calculate the highest common factor of 290 and 65653796.
58
Calculate the greatest common divisor of 24 and 737776326.
6
Calculate the greatest common divisor of 1060660 and 1.
1
Calculate the highest common factor of 4070 and 85056895.
2035
What is the highest common factor of 128043 and 3765276?
369
What is the greatest common divisor of 6768 and 2599664?
752
What is the highest common factor of 282480 and 9210?
30
Calculate the highest common factor of 188841 and 2508.
57
What is the highest common divisor of 4392 and 11216160?
72
Calculate the greatest common divisor of 6352 and 14476.
4
What is the highest common divisor of 241454 and 74168008?
8326
What is the highest common divisor of 1512 and 641848914?
378
What is the highest common factor of 30557590 and 580?
290
Calculate the greatest common divisor of 9085 and 163921.
23
What is the highest common factor of 8 and 765356?
4
What is the greatest common divisor of 390422 and 970?
2
What is the highest common factor of 123859 and 7401643?
4271
Calculate the greatest common factor of 746066 and 1466516.
3202
What is the highest common factor of 61896 and 45096?
24
Calculate the greatest common factor of 38357959 and 1769.
61
What is the highest common factor of 856024498 and 14728?
3682
Calculate the greatest common factor of 156 and 106918692.
12
Calculate the highest common factor of 622 and 36418.
2
What is the greatest common divisor of 959235956 and 453?
151
What is the highest common factor of 3267065 and 1720961?
9203
Calculate the highest common divisor of 35646829 and 1305.
29
Calculate the highest common factor of 824678 and 26.
2
Calculate the greatest common divisor of 1360 and 774044.
68
What is the greatest common divisor of 5856 and 1361184?
96
What is the highest common divisor of 122491 and 183216?
347
What is the greatest common divisor of 5694 and 41737896?
438
What is the highest common factor of 398760500 and 272?
68
What is the highest common factor of 995172 and 1543692?
7836
Calculate the greatest common divisor of 3052096 and 412.
412
Calculate the highest common factor of 165487824 and 80.
16
What is the highest common divisor of 27810510 and 6680?
1670
Calculate the greatest common factor of 129 and 239702640.
129
What is the greatest common factor of 2851821 and 4775?
191
Calculate the greatest common factor of 210993223 and 651.
217
Calculate the highest common divisor of 670685 and 16275.
155
What is the greatest common divisor of 93962509 and 16329?
5443
Calculate the greatest common divisor of 1219983 and 3.
3
What is the highest common divisor of 5975 and 42303?
239
What is the highest common divisor of 7312705 and 5126?
233
What is the greatest common factor of 107214 and 111066?
642
What is the highest common factor of 8453641 and 329?
7
Calculate the highest common divisor of 438119 and 759.
11
What is the highest common factor of 23909175 and 2700?
675
What is the greatest common divisor of 2925 and 9100?
325
Calculate the greatest common divisor of 209 and 388447191.
209
What is the highest common factor of 3727634 and 788?
394
Calculate the greatest common divisor of 29275961 and 44.
11
Calculate the greatest common factor of 984744 and 4888.
376
Calculate the greatest common divisor of 1036177 and 6645.
443
What is the highest common divisor of 107256 and 1112?
8
What is the greatest common factor of 4330 and 88640?
10
Calculate the greatest common divisor of 19719 and 64701.
63
What is the greatest common factor of 225 and 3722175?
225
What is the greatest common divisor of 1807 and 73069659?
1807
What is the highest common factor of 32 and 35562064?
16
What is the greatest common divisor of 37914 and 7016226?
534
What is the greatest common factor of 7892088 and 4008?
24
Calculate the greatest common divisor of 5055011 and 75699.
8411
Calculate the highest common divisor of 20376 and 4655067.
849
Calculate the highest common factor of 69 and 389971417.
23
Calculate the highest common factor of 107389702 and 14.
14
Calculate the greatest common divisor of 1938 and 148542.
114
Calculate the greatest common divisor of 147377 and 7.
1
Calculate the greatest common divisor of 2548423 and 667.
23
What is the greatest common factor of 101084 and 16946?
74
Calculate the highest common factor of 48590736 and 80.
16
What is the highest common factor of 33750 and 9294?
6
Calculate the highest common factor of 3816 and 500184.
72
What is the highest common factor of 298 and 264475?
149
Calculate the highest common factor of 678 and 39082632.
678
Calculate the greatest common divisor of 215065 and 395.
5
What is the highest common factor of 376 and 127793?
47
Calculate the greatest common factor of 306580112 and 928.
464
What is the greatest common divisor of 130 and 2352470?
10
What is the greatest common factor of 58050 and 131225250?
6450
What is the greatest common factor of 431783 and 20889?
11
Calculate the highest common divisor of 2657172 and 2352.
588
Calculate the greatest common factor of 942 and 121782.
6
Calculate the greatest common divisor of 29123924 and 8.
4
What is the highest common factor of 3330900 and 1800?
900
Calculate the highest common factor of 85 and 361940.
5
What is the greatest common divisor of 926 and 5642291162?
926
What is the greatest common divisor of 42 and 567180824?
14
What is the highest common divisor of 538 and 7328367?
269
Calculate the greatest common factor of 3600 and 6256080.
720
Calculate the highest common divisor of 73576 and 795811.
541
Calculate the highest common divisor of 3300 and 80827725.
825
What is the greatest common factor of 22 and 186143903?
11
Calculate the greatest common divisor of 34839948 and 22.
22
Calculate the highest common factor of 4971844 and 332.
4
Calculate the greatest common divisor of 1 and 1432884.
1
Calculate the greatest common divisor of 30992 and 9503.
13
What is the greatest common factor of 955 and 200105161?
191
What is the greatest common divisor of 135714416 and 8848?
1264
What is the greatest common divisor of 15038 and 31621?
103
Calculate the highest common factor of 3860376 and 17186.
26
What is the greatest common divisor of 280024 and 19082?
58
What is the highest common divisor of 25628 and 199176?
172
What is the highest common divisor of 11096506 and 14?
2
What is the greatest common divisor of 545689 and 17371?
599
What is the highest common divisor of 529798 and 16?
2
Calculate the highest common divisor of 1052672 and 49858.
514
What is the greatest common factor of 9386 and 6390631?
247
What is the greatest common divisor of 13089 and 1758?
3
Calculate the greatest common divisor of 130758 and 25981968.
3534
What is the greatest common factor of 1569244 and 7844?
148
Calculate the greatest common divisor of 2043033513 and 3282.
1641
What is the highest common factor of 120 and 134142?
6
What is the greatest common divisor of 5216 and 9652697?
163
Calculate the greatest common divisor of 27524048 and 32.
16
Calculate the highest common factor of 152 and 253422.
38
What is the greatest common divisor of 42120 and 22360?
520
What is the greatest common divisor of 378315 and 40565?
35
Calculate the highest common factor of 15396 and 27408.
12
What is the highest common divisor of 43110 and 262492?
958
Calculate the highest common divisor of 356885 and 341815.
685
Calculate the 